 of 1792837?
17, 163, 647
List the prime factors of 514300.
2, 5, 37, 139
What are the prime factors of 202660?
2, 5, 10133
List the prime factors of 573593.
31, 18503
What are the prime factors of 346332?
2, 3, 7, 19, 31
List the prime factors of 11422396.
2, 2855599
What are the prime factors of 108336?
2, 3, 37, 61
What are the prime factors of 239192?
2, 29, 1031
List the prime factors of 35839.
35839
What are the prime factors of 249651?
3, 27739
What are the prime factors of 12988394?
2, 6494197
What are the prime factors of 266889?
3, 7, 71, 179
What are the prime factors of 15854700?
2, 3, 5, 41, 1289
What are the prime factors of 741229?
741229
What are the prime factors of 1105090?
2, 5, 7, 15787
List the prime factors of 174713.
7, 11, 2269
What are the prime factors of 10065923?
7, 205427
List the prime factors of 1122290.
2, 5, 13, 89, 97
What are the prime factors of 269137?
11, 43, 569
What are the prime factors of 941048?
2, 79, 1489
List the prime factors of 104953.
104953
What are the prime factors of 406097?
59, 6883
List the prime factors of 6050436.
2, 3, 7, 17, 19, 223
List the prime factors of 16492021.
7, 13, 61, 2971
What are the prime factors of 8524322?
2, 4262161
What are the prime factors of 895932?
2, 3, 41, 607
What are the prime factors of 3982019?
29, 61, 2251
List the prime factors of 928386.
2, 3, 51577
What are the prime factors of 170790?
2, 3, 5, 5693
What are the prime factors of 877433?
761, 1153
List the prime factors of 234445.
5, 46889
What are the prime factors of 3584877?
3, 1194959
What are the prime factors of 9383498?
2, 4691749
List the prime factors of 2159666.
2, 131, 8243
What are the prime factors of 106212?
2, 3, 53, 167
List the prime factors of 89777.
17, 5281
List the prime factors of 410531.
11, 37321
What are the prime factors of 7610612?
2, 1902653
What are the prime factors of 52263?
3, 5807
List the prime factors of 237930.
2, 3, 5, 7, 11, 103
List the prime factors of 214907.
7, 11, 2791
What are the prime factors of 1171314?
2, 3, 109, 199
What are the prime factors of 1313733?
3, 149, 2939
What are the prime factors of 1478843?
1478843
What are the prime factors of 1383797?
1383797
List the prime factors of 2585112.
2, 3, 107713
What are the prime factors of 2714686?
2, 13, 263, 397
List the prime factors of 566118.
2, 3, 7, 4493
What are the prime factors of 1201930?
2, 5, 120193
List the prime factors of 429839.
79, 5441
What are the prime factors of 340589?
421, 809
What are the prime factors of 322320?
2, 3, 5, 17, 79
List the prime factors of 1803965.
5, 79, 4567
What are the prime factors of 558531?
3, 229, 271
List the prime factors of 272739.
3, 229, 397
What are the prime factors of 100498?
2, 109, 461
List the prime factors of 96782.
2, 7, 31, 223
What are the prime factors of 19204596?
2, 3, 701, 761
List the prime factors of 133536.
2, 3, 13, 107
List the prime factors of 5037538.
2, 11, 59, 3881
What are the prime factors of 14718997?
14718997
List the prime factors of 2965801.
29, 31, 3299
List the prime factors of 24861711.
3, 7, 463, 2557
List the prime factors of 62155.
5, 31, 401
List the prime factors of 7692721.
17, 149, 3037
List the prime factors of 140770.
2, 5, 7, 2011
What are the prime factors of 1189638?
2, 3, 29, 43, 53
What are the prime factors of 20186?
2, 10093
List the prime factors of 6775926.
2, 3, 89, 12689
What are the prime factors of 4036201?
13, 23, 13499
What are the prime factors of 291704?
2, 7, 5209
What are the prime factors of 27419230?
2, 5, 373, 7351
List the prime factors of 121883.
121883
What are the prime factors of 3256590?
2, 3, 5, 108553
List the prime factors of 725377.
29, 25013
What are the prime factors of 5170739?
7, 738677
List the prime factors of 551117.
7, 131, 601
What are the prime factors of 336349?
13, 25873
What are the prime factors of 2096050?
2, 5, 11, 37, 103
List the prime factors of 764565.
3, 5, 50971
What are the prime factors of 81359?
81359
List the prime factors of 228707.
228707
What are the prime factors of 638001?
3, 7, 13, 19, 41
What are the prime factors of 156599?
149, 1051
List the prime factors of 32468.
2, 8117
What are the prime factors of 26919508?
2, 7, 11, 71, 1231
What are the prime factors of 24866801?
17, 19, 167, 461
List the prime factors of 2295431.
109, 21059
List the prime factors of 6081436.
2, 1520359
List the prime factors of 330738.
2, 3, 199, 277
List the prime factors of 243036.
2, 3, 43, 157
What are the prime factors of 978710?
2, 5, 97871
What are the prime factors of 7805046?
2, 3, 1300841
What are the prime factors of 548483?
13, 31, 1361
List the prime factors of 34901808.
2, 3, 727121
What are the prime factors of 1458167?
1458167
List the prime factors of 986630.
2, 5, 98663
What are the prime factors of 384823?
347, 1109
List the prime factors of 795861.
3, 11, 8039
What are the prime factors of 611080?
2, 5, 15277
List the prime factors of 473880.
2, 3, 5, 11, 359
List the prime factors of 2945251.
439, 6709
List the prime factors of 26141.
26141
What are the prime factors of 510457?
510457
List the prime factors of 4907934.
2, 3, 17, 43, 373
List the prime factors of 1496781.
3, 11, 13, 1163
List the prime factors of 27718880.
2, 5, 7, 24749
What are the prime factors of 541437?
3, 13, 13883
What are the prime factors of 4987977?
3, 241, 6899
What are the prime factors of 714841?
714841
What are the prime factors of 141450?
2, 3, 5, 23, 41
List the prime factors of 891382.
2, 445691
List the prime factors of 126931.
7, 18133
List the prime factors of 3708462.
2, 3, 29, 21313
List the prime factors of 3276176.
2, 83, 2467
List the prime factors of 103874.
2, 167, 311
What are the prime factors of 284369?
284369
List the prime factors of 7132.
2, 1783
List the prime factors of 42861.
3, 7, 13, 157
List the prime factors of 3019316.
2, 754829
What are the prime factors of 1477434?
2, 3, 7, 29, 1213
List the prime factors of 3484285.
5, 7, 99551
List the prime factors of 6562120.
2, 5, 29, 5657
What are the prime factors of 5189312?
2, 81083
List the prime factors of 30442.
2, 31, 491
What are the prime factors of 1152259?
71, 16229
List the prime factors of 759952.
2, 47497
What are the prime factors of 470007?
3, 52223
List the prime factors of 2744564.
2, 686141
List the prime factors of 1109239.
19, 79, 739
What are the prime factors of 128701?
179, 719
List the prime factors of 3660282.
2, 3, 67783
What are the prime factors of 3697654?
2, 1848827
List the prime factors of 148129.
167, 887
What are the prime factors of 282432?
2, 3, 1471
What are the prime factors of 326586?
2, 3, 13, 53, 79
What are the prime factors of 34022213?
149, 228337
List the prime factors of 149980.
2, 5, 7499
What are the prime factors of 956388?
2, 3, 79699
List the prime factors of 2513003.
23, 37, 2953
What are the prime factors of 3867869?
37, 104537
List the prime factors of 3213226.
2, 487, 3299
What are the prime factors of 403146?
2, 3, 22397
List the prime factors of 16287331.
3571, 4561
What are the prime factors of 195584?
2, 191
What are the prime factors of 551034?
2, 3, 11, 23
List the prime factors of 2250287.
13, 173099
List the prime factors of 668572.
2, 19, 463
What are the prime factors of 21856777?
139, 157243
List the prime factors of 26670538.
2, 97, 137477
What are the prime factors of 196655?
5, 37, 1063
List the prime factors of 170715.
3, 5, 19, 599
What are the prime factors of 288717?
3, 11, 13, 673
What are the prime factors of 8852001?
3, 2950667
List the prime factors of 8595480.
2, 3, 5, 83, 863
What are the prime factors of 9332859?
3, 3110953
What are the prime factors of 1236094?
2, 31, 19937
List the prime factors of 3394533.
3, 599, 1889
List the prime factors of 63067.
63067
List the prime factors of 2125259.
2125259
List the prime factors of 218735.
5, 11, 41, 97
List the prime factors of 1212606.
2, 3, 23, 29, 101
List the prime factors of 2018293.
53, 113, 337
List the prime factors of 10497495.
3, 5, 739, 947
List the prime factors of 5172469.
29, 178361
List the prime factors of 1091968.
2, 19, 449
What are the prime factors of 6441732?
2, 3, 11, 16267
List the prime factors of 1460243.
47, 31069
List the prime factors of 1401227.
37, 3